{"id":2508,"date":"2021-07-05T21:16:13","date_gmt":"2021-07-05T19:16:13","guid":{"rendered":"http:\/\/polubownysad.pl\/?page_id=2508"},"modified":"2021-07-05T21:20:06","modified_gmt":"2021-07-05T19:20:06","slug":"sad-polubowny","status":"publish","type":"page","link":"https:\/\/polubownysad.pl\/index.php\/sad-polubowny\/","title":{"rendered":"S\u0105d polubowny"},"content":{"rendered":"\n<p><strong>S\u0105d polubowny<\/strong> \u2013 s\u0105d niepa\u0144stwowy orzekaj\u0105cy w sporach cywilnoprawnych poddanych mu pod rozstrzygni\u0119cie moc\u0105 zapisu na s\u0105d polubowny. S\u0105dy polubowne mog\u0105 orzeka\u0107:<\/p>\n\n\n\n<ul class=\"wp-block-list\"><li>w sprawach o prawa maj\u0105tkowe;<\/li><li>w sprawach o prawa niemaj\u0105tkowe, kt\u00f3re mog\u0105 by\u0107 przedmiotem ugody, z wyj\u0105tkiem spraw o alimenty.<\/li><\/ul>\n\n\n\n<p>Dzia\u0142alno\u015b\u0107 s\u0105d\u00f3w polubownych w Polsce uregulowana jest w cz\u0119\u015bci V Kodeksu post\u0119powania cywilnego po zmianie ustaw\u0105 z dnia 28 lipca 2005 r. (Dz.U. z\u00a02005\u00a0r. nr\u00a0178, poz.\u00a01478, z p\u00f3\u017an. zm.) od art. 1154 do art. 1217.<\/p>\n\n\n\n<p>Wyroki wydane przez s\u0105dy polubowne, po ich uznaniu lub po stwierdzeniu ich wykonalno\u015bci przez s\u0105d powszechny, maj\u0105 tak\u0105 sam\u0105 moc prawn\u0105, jak wyroki s\u0105d\u00f3w powszechnych. O uznaniu wydanego w kraju wyroku s\u0105du polubownego lub ugody przed nim zawartej orzeka s\u0105d powszechny na posiedzeniu niejawnym na wniosek strony; je\u015bli wyrok zosta\u0142 wydany za granic\u0105 orzeczenie nast\u0119puje na rozprawie. S\u0105d powszechny mo\u017ce odm\u00f3wi\u0107 uznania lub stwierdzenia wykonalno\u015bci wyroku s\u0105du polubownego, je\u017celi stwierdzi \u017ce:<\/p>\n\n\n\n<ol class=\"wp-block-list\"><li>wed\u0142ug przepis\u00f3w ustawy sp\u00f3r nie mo\u017ce by\u0107 poddany pod rozstrzygni\u0119cie s\u0105du polubownego,<\/li><li>uznanie lub wykonanie wyroku s\u0105du polubownego lub ugody przed nim zawartej by\u0142oby sprzeczne z podstawowymi zasadami porz\u0105dku prawnego Rzeczypospolitej Polskiej.<\/li><\/ol>\n\n\n\n<p>Post\u0119powanie przed s\u0105dem polubownym ma charakter jednoinstancyjny co oznacza, \u017ce stronom nie przys\u0142uguje mo\u017cliwo\u015b\u0107 odwo\u0142ania si\u0119 od wyroku s\u0105du polubownego (chyba \u017ce strony um\u00f3wi\u0142y si\u0119 na s\u0105d dwuinstancyjny (art. 1205 \u00a7 2 kpc)). S\u0105d polubowny rozstrzyga sp\u00f3r wed\u0142ug prawa w\u0142a\u015bciwego dla danego stosunku prawnego, niemniej jednak gdy strony go wyra\u017anie upowa\u017cni\u0105 &#8211; to mo\u017ce rozstrzyga\u0107 sp\u00f3r wed\u0142ug og\u00f3lnych zasad prawa lub zasad s\u0142uszno\u015bci.<\/p>\n\n\n\n<p>Poddanie sporu pod rozstrzygni\u0119cie s\u0105du polubownego wymaga umowy stron. Najcz\u0119\u015bciej ju\u017c zawieraj\u0105c umow\u0119 strony okre\u015blaj\u0105, \u017ce ewentualne spory z niej wynik\u0142e b\u0119d\u0105 rozstrzygane przez s\u0105d polubowny. Przy obecnie obowi\u0105zuj\u0105cych przepisach, w przypadku istnienia zapisu na s\u0105d polubowny, strona nie mo\u017ce uchyli\u0107 si\u0119 od poddania sporu pod rozstrzygni\u0119cie przed s\u0105dem polubownym.<\/p>\n","protected":false},"excerpt":{"rendered":"<p>S\u0105d polubowny \u2013 s\u0105d niepa\u0144stwowy orzekaj\u0105cy w sporach cywilnoprawnych poddanych mu pod rozstrzygni\u0119cie moc\u0105 zapisu na s\u0105d polubowny. S\u0105dy polubowne mog\u0105 orzeka\u0107: w sprawach o prawa maj\u0105tkowe; w sprawach o prawa niemaj\u0105tkowe, kt\u00f3re mog\u0105 by\u0107 przedmiotem ugody, z wyj\u0105tkiem spraw o alimenty. Dzia\u0142alno\u015b\u0107 s\u0105d\u00f3w polubownych w Polsce uregulowana jest w cz\u0119\u015bci V Kodeksu post\u0119powania cywilnego [&hellip;]<\/p>\n","protected":false},"author":1,"featured_media":0,"parent":0,"menu_order":0,"comment_status":"closed","ping_status":"closed","template":"","meta":{"footnotes":""},"class_list":["post-2508","page","type-page","status-publish","hentry"],"_links":{"self":[{"href":"https:\/\/polubownysad.pl\/index.php\/wp-json\/wp\/v2\/pages\/2508","targetHints":{"allow":["GET"]}}],"collection":[{"href":"https:\/\/polubownysad.pl\/index.php\/wp-json\/wp\/v2\/pages"}],"about":[{"href":"https:\/\/polubownysad.pl\/index.php\/wp-json\/wp\/v2\/types\/page"}],"author":[{"embeddable":true,"href":"https:\/\/polubownysad.pl\/index.php\/wp-json\/wp\/v2\/users\/1"}],"replies":[{"embeddable":true,"href":"https:\/\/polubownysad.pl\/index.php\/wp-json\/wp\/v2\/comments?post=2508"}],"version-history":[{"count":3,"href":"https:\/\/polubownysad.pl\/index.php\/wp-json\/wp\/v2\/pages\/2508\/revisions"}],"predecessor-version":[{"id":2517,"href":"https:\/\/polubownysad.pl\/index.php\/wp-json\/wp\/v2\/pages\/2508\/revisions\/2517"}],"wp:attachment":[{"href":"https:\/\/polubownysad.pl\/index.php\/wp-json\/wp\/v2\/media?parent=2508"}],"curies":[{"name":"wp","href":"https:\/\/api.w.org\/{rel}","templated":true}]}}